, what is -2 + -1434300?
-1434302
In base 16, what is -19592 + 6?
-1958c
In base 4, what is 1100331 + -2033?
1032232
In base 3, what is -2001221212222 - 2?
-2001221220001
In base 5, what is -134 + 11101404?
11101220
In base 8, what is -3577 + -1004?
-4603
In base 9, what is -21 + 7422?
7401
In base 13, what is 5 + -c373?
-c36b
In base 5, what is -30030 - 13?
-30043
In base 3, what is 20221 - -1011010?
1102001
In base 4, what is 212120 + 1133?
213313
In base 11, what is -15 - 269?
-283
In base 6, what is 21315 + 2005?
23324
In base 14, what is -1 - 19a033?
-19a034
In base 8, what is 713265 - -4?
713271
In base 2, what is -1000 - -10010000101?
10001111101
In base 15, what is 40 + 1899?
18d9
In base 3, what is -20021120 + 1120?
-20020000
In base 14, what is 8 + 322?
32a
In base 15, what is -14 - 110ae?
-110c3
In base 14, what is -61723 + 1?
-61722
In base 11, what is -299959 + -a?
-299968
In base 12, what is 101 - -220a?
230b
In base 10, what is -3 - -424717?
424714
In base 16, what is -5 - -195e?
1959
In base 14, what is -40c - a?
-418
In base 16, what is -2 + 102d8?
102d6
In base 12, what is 463 + 47?
4aa
In base 13, what is -a - -42065?
42058
In base 10, what is 4 + -6215?
-6211
In base 14, what is 0 - 102b9a?
-102b9a
In base 9, what is 22707 - -10?
22717
In base 9, what is -1 - -1735812?
1735811
In base 3, what is -10 - 102002022?
-102002102
In base 10, what is 796 + 124?
920
In base 13, what is -139 - 23c8?
-2534
In base 15, what is -16 - -44d?
437
In base 13, what is -3174 + -28?
-319c
In base 7, what is -6432 - -64?
-6335
In base 3, what is -1122010 - 2?
-1122012
In base 13, what is -8 - 2270?
-2278
In base 13, what is -19 - 19b6?
-1a02
In base 11, what is -21127 + -1?
-21128
In base 10, what is 74013 + 93?
74106
In base 6, what is 332533 + -55?
332434
In base 5, what is 1 + 14111032?
14111033
In base 13, what is 44a78 + -5?
44a73
In base 11, what is -2 - 657958?
-65795a
In base 4, what is -3 - 1033211?
-1033220
In base 13, what is -30151 + 38?
-30116
In base 2, what is -10100 + 1100011110000?
1100011011100
In base 12, what is -1 + -5355?
-5356
In base 10, what is -3 - -22915?
22912
In base 14, what is -1b0 + -29c?
-46c
In base 3, what is 12 - 121012110?
-121012021
In base 10, what is 8031 + 17?
8048
In base 8, what is 1760701 + 6?
1760707
In base 4, what is 1212 + 20?
1232
In base 6, what is 20142 - -14?
20200
In base 4, what is 312 + -11023?
-10111
In base 5, what is 31 + 11313?
11344
In base 8, what is 7031 - 0?
7031
In base 11, what is -216 + a96?
880
In base 8, what is -4 - 15140?
-15144
In base 6, what is -252441 + -340?
-253221
In base 6, what is 112 + 1042?
1154
In base 12, what is 1 - -13810?
13811
In base 11, what is 333 + -277?
67
In base 4, what is 2021220 - 101?
2021113
In base 12, what is 20a6 - 10?
2096
In base 8, what is -172 + 12533?
12341
In base 11, what is -358 - -127?
-231
In base 10, what is -16 - 1196?
-1212
In base 2, what is -1 + -100111010011100101?
-100111010011100110
In base 12, what is -4 + 47174?
47170
In base 3, what is 1 + -1100112001?
-1100112000
In base 5, what is 13323 - -1202?
20030
In base 10, what is 7723 - -72?
7795
In base 10, what is 20679 - -2?
20681
In base 15, what is -1845d - -3?
-1845a
In base 4, what is 202213310 - 30?
202213220
In base 2, what is -111011111011 - -10001?
-111011101010
In base 2, what is -10 - -10111011010011100?
10111011010011010
In base 9, what is -7023 + -5?
-7028
In base 7, what is 63 + -34210?
-34114
In base 14, what is bb622 - 1?
bb621
In base 14, what is -71 + 5a9?
538
In base 3, what is -10011 + 1110211?
1100200
In base 14, what is -9 + -6111?
-611a
In base 16, what is 167 - -56?
1bd
In base 8, what is -1 + -42554?
-42555
In base 10, what is 5692 + 41?
5733
In base 6, what is 20514 + -30?
20444
In base 15, what is -12 - -174bb?
174a9
In base 13, what is -c - 29bcc?
-29c0b
In base 3, what is -11122221 + 122?
-11122022
In base 7, what is 25614 + -102?
25512
In base 15, what is -36 - -2781?
274a
In base 6, what is 1 + -4350550?
-4350545
In base 15, what is 6e9 + 5e?
758
In base 6, what is -150330 + 302?
-150024
In base 2, what is 1 + -111011010100100110001?
-111011010100100110000
In base 3, what is 102112 - -1?
102120
In base 9, what is 40081 + -1?
40080
In base 9, what is -35 - -256?
221
In base 2, what is -101110100001001 + 10001?
-101110011111000
In base 4, what is -13232221 - 3?
-13232230
In base 12, what is 1007 - 9?
bba
In base 5, what is 22112 - 110?
22002
In base 3, what is -20122 - -12021?
-1101
In base 15, what is 47d - 41?
43c
In base 5, what is -203 + 1403?
1200
In base 16, what is 2 + -25ac?
-25aa
In base 13, what is -6c05 + -1?
-6c06
In base 4, what is 0 - -110101302?
110101302
In base 15, what is 5a + -9e?
-44
In base 12, what is 3053 + 51?
30a4
In base 11, what is 1576 - -3?
1579
In base 4, what is -10332001 + 22?
-10331313
In base 8, what is -3 - -41323?
41320
In base 11, what is -1a - -224a?
2230
In base 2, what is 110110101 - 10011010?
100011011
In base 16, what is d - 10a7e?
-10a71
In base 14, what is -54 - -69b9?
6965
In base 9, what is -17226 + -10?
-17236
In base 9, what is 8 + -7288?
-7280
In base 6, what is 3 - 33345332?
-33345325
In base 15, what is b40c - 0?
b40c
In base 2, what is -100 - -100101101100101110?
100101101100101010
In base 11, what is 144a65 + -10?
144a55
In base 11, what is 362 - -2305?
2667
In base 11, what is -2 - 1973a2?
-1973a4
In base 5, what is -121 + -32212?
-32333
In base 7, what is -216043 + -3?
-216046
In base 3, what is 1022101 - -122110?
1221211
In base 6, what is -255 + -442?
-1141
In base 15, what is -2e2 + -15e?
-451
In base 3, what is -10 + 20200100?
20200020
In base 3, what is 10102201 + -11?
10102120
In base 8, what is 411507 - 10?
411477
In base 4, what is 22 - 3211?
-3123
In base 11, what is -1 - -19676?
19675
In base 6, what is -1 + -1420144?
-1420145
In base 3, what is -200110 + 111?
-122222
In base 8, what is 31 - 33261?
-33230
In base 15, what is -1b0 + 44?
-16b
In base 6, what is 501 - -31052?
31553
In base 6, what is -125235201 - -1?
-125235200
In base 8, what is 2604 - -4113?
6717
In base 4, what is -32321 - 130?
-33111
In base 7, what is -23441 - 2?
-23443
In base 10, what is 2872 + 356?
3228
In base 2, what is -1001101001000001010 - 1?
-1001101001000001011
In base 10, what is 7 - -4257?
4264
In base 14, what is -5861 + -5b?
-58bc
In base 6, what is 130415 - 303?
130112
In base 4, what is 2 + -2000020021?
-2000020013
In base 12, what is 34 + 8048?
8080
In base 3, what is 101222 + 1011?
110010
In base 11, what is -7 - -387725?
387719
In base 14, what is 13 + -1359d?
-1358a
In base 14, what is 5 + 4d79?
4d80
In base 4, what is -13301201123 - 3?
-13301201132
In base 10, what is 95 + 585?
680
In base 5, what is 4 + -30404300?
-30404241
In base 16, what is f53 - -29?
f7c
In base 6, what is -13 + 4142415?
4142402
In base 13, what is 5c162 - 3?
5c15c
In base 7, what is 120111 - -20?
120131
In base 16, what is -3 + -3391?
-3394
In base 4, what is 21230123 - 0?
21230123
In base 9, what is 1 - -211833?
211834
In base 16, what is -3 - 5ac97?
-5ac9a
In base 7, what is -33042 + -33?
-33105
In base 4, what is -2132003 - 2003?
-2200012
In base 6, what is -422 + 34145?
33323
In base 11, what is -17773 - 56?
-17819
In base 6, what is 1005542 - 1?
1005541
In base 10, what is -280 + 10735?
10455
In base 6, what is -23502353 + 5?
-23502344
In base 13, what is -2641 - 3?
-2644
In base 4, what is 322 + 330103?
331031
In base 14, what is -11da9 + -3?
-11dac
In base 11, what is -420 + 26?
-3a5
In base 16, what is a - 209?
-1ff
In base 2, what is -100100010001001011000011 + 101?
-100100010001001010111110
In base 7, what is -4 - -50165?
50161
In base 6, what is -100215 + 23?
-100152
In base 8, what is 6532 + -4?
6526
In base 15, what is e04 + 2?
e06
In base 9, what is -1668434 - -4?
-1668430
In base 2, what is 10001010 + -1100100110?
-1010011100
In base 6, what is 12 + -120445?
-120433
In base 15, what is 483 + -88?
3ea
In base 7, what is 534 - 1213?
-346
In base 13, what is -18 + -1949a?
-194b5
In base 11, what is -10404 + 2?
-10402
In base 4, what is 33130 + 121313?
221103
In base 5, what is 1042101 + -1?
1042100
In base 16, what is 1 + -191e7?
-191e6
In base 15, what is -1 + 17d3?
17d2
In base 5, what is -3420101 - 123?
-3